{"id":57160,"date":"2024-09-08T16:34:41","date_gmt":"2024-09-08T16:34:41","guid":{"rendered":"https:\/\/www.laguarimba.com\/biblioteca\/"},"modified":"2025-03-12T10:44:25","modified_gmt":"2025-03-12T10:44:25","slug":"biblioteca","status":"publish","type":"page","link":"https:\/\/www.laguarimba.com\/it\/biblioteca\/","title":{"rendered":"La Piccola Biblioteca di Amantea"},"content":{"rendered":"<div class=\"wpb-content-wrapper\">[vc_row][vc_column][vc_column_text css=&#8221;&#8221;]\n<p style=\"text-align: justify;\"><span style=\"font-size: 18pt;\"><strong>La Piccola Biblioteca di Amantea<\/strong> \u00e8 uno spazio polifunzionale aperto nel 2024 dall&#8217;Associazione La Guarimba con il supporto della <strong>Fondazione Carical<\/strong>. Situato nel cuore del centro abitato di Amantea, \u00e8 da subito diventato un luogo di aggregazione e crescita collettiva, con alternative alla migrazione verso grandi centri, rafforzando la solidarieta\u0300 e aumentando il capitale sociale.<\/span><\/p>\n<p style=\"text-align: justify;\"><span style=\"font-size: 18pt;\">L&#8217;ingresso \u00e8 completamente libero.<\/span><\/p>\n[\/vc_column_text][\/vc_column][\/vc_row][vc_row][vc_column][vc_media_grid element_width=&#8221;3&#8243; css=&#8221;&#8221; grid_id=&#8221;vc_gid:1741769800861-c09de67e-8574-10&#8243; include=&#8221;57140,57136,57144,57148&#8243;][\/vc_column][\/vc_row][vc_row][vc_column width=&#8221;1\/4&#8243;][vc_column_text css=&#8221;&#8221;]\n<p style=\"text-align: center;\"><strong><span style=\"text-decoration: underline;\"><span style=\"font-size: 18pt;\">INDIRIZZO<br \/>\n<\/span><\/span><\/strong><a href=\"https:\/\/g.co\/kgs\/qptq88j\"><span style=\"font-size: 18.6667px;\">Via Mazzini, 26<\/span><\/a><\/p>\n[\/vc_column_text][\/vc_column][vc_column width=&#8221;1\/4&#8243;][vc_column_text css=&#8221;&#8221;]\n<p style=\"text-align: center;\"><strong><span style=\"text-decoration: underline;\"><span style=\"font-size: 18pt;\">ORARI<br \/>\n<\/span><\/span><\/strong><span style=\"font-size: 14pt;\">\u00c8 aperta tutti i giorni<br \/>\n24 ore su 24 attraverso un sistema di fiducia<\/span><\/p>\n[\/vc_column_text][\/vc_column][vc_column width=&#8221;1\/4&#8243;][vc_column_text css=&#8221;&#8221;]\n<p style=\"text-align: center;\"><span style=\"font-size: 14pt;\"><strong><span style=\"text-decoration: underline; font-size: 18pt;\">SERVIZI<\/span><\/strong><br \/>\nAula Studio<br \/>\nInternet<br \/>\n<\/span><span style=\"font-size: 14pt;\">Prestito Libri<br \/>\nLaboratori Creativi per Bambini<br \/>\n<a href=\"https:\/\/www.laguarimba.com\/it\/club-di-letture\/\">Club di Letture Femministe<\/a><br \/>\n<\/span><span style=\"font-size: 18pt;\"><span style=\"font-size: 14pt;\">Studio di Registrazione<\/span><\/span><\/p>\n[\/vc_column_text][\/vc_column][vc_column width=&#8221;1\/4&#8243;][vc_column_text css=&#8221;&#8221;]\n<p style=\"text-align: center;\"><span style=\"font-size: 18pt;\"><span style=\"text-decoration: underline;\"><strong>DONA UN LIBRO<\/strong><\/span><br \/>\n<span style=\"font-size: 14pt;\"><a href=\"https:\/\/docs.google.com\/spreadsheets\/d\/1M19VZIXJci4uSAif3NuHADuFunGFNNwZdva660ezLMM\/edit?gid=0#gid=0\">dalla lista che abbiamo creato.<\/a><\/span><\/span><\/p>\n[\/vc_column_text][\/vc_column][\/vc_row][vc_row][vc_column][vc_column_text css=&#8221;&#8221;]\n<h1 style=\"text-align: justify;\">LA STORIA<\/h1>\n[\/vc_column_text][vc_single_image image=&#8221;57114&#8243; img_size=&#8221;full&#8221; alignment=&#8221;center&#8221; css=&#8221;&#8221;][vc_column_text css=&#8221;&#8221;]\n<p style=\"text-align: justify;\"><span style=\"font-size: 14pt;\">Il progetto, supportato da <a href=\"https:\/\/www.fondazionecarical.it\/\"><strong>Fondazione Carical<\/strong><\/a>, nasce nel 2021, in seguito a una analisi delle esigenze e delle mancanze che riguardano principalmente gli studenti e i lavoratori del territorio.<\/span><\/p>\n<p style=\"text-align: justify;\"><span style=\"font-size: 14pt;\">Da pi\u00f9 di dieci anni lavoriamo a stretto contatto con la societ\u00e0 civile di Amantea e la nostra esperienza ci ha permesso di analizzare lo stato dell\u2019offerta culturale e dell\u2019aggregazione sociale della comunit\u00e0. La nostra impressione di giovani che vivono e lavorano nel territorio \u00e8 sempre stata quella di <strong>un contesto di grandi potenzialit\u00e0, ma fortemente limitato <\/strong>dall\u2019assenza di investimenti e dall\u2019incapacit\u00e0 gestionale in diversi ambiti.<\/span><\/p>\n[\/vc_column_text][vc_single_image image=&#8221;57112&#8243; img_size=&#8221;full&#8221; alignment=&#8221;center&#8221; css=&#8221;&#8221;][vc_column_text css=&#8221;&#8221;]\n<p style=\"text-align: justify;\">Le fasce pi\u00f9 deboli della comunit\u00e0 (giovani, migranti e anziani) soffrono dell\u2019abbandono e dell\u2019assenza di iniziative a loro dedicate, di cui si pu\u00f2 fare esperienza soltanto in via telematica e a costi inaccessibili per una buona parte delle famiglie. Inoltre, l\u2019assenza di spazi a loro dedicati, come parchi pubblici agibili o aree ludiche, ne rende difficile l\u2019aggregazione al di l\u00e0 delle iniziative personali.<\/p>\n<p style=\"text-align: justify;\"><strong>La situazione \u00e8 ancora pi\u00f9 difficile nell\u2019entroterra<\/strong>, dove sorgono diversi comuni che vivono in situazioni di isolamento e di abbandono ancora pi\u00f9 marcate. Gli abitanti dei comuni di Aiello, Cleto, Belmonte, Longobardi, Fiumefreddo Bruzio e di tutta l\u2019area circostante, per un totale di circa 10.000 persone, fanno riferimento ad Amantea come centro commerciale dove recarsi durante il fine settimana e il periodo estivo.<\/p>\n<p style=\"text-align: justify;\">Tenendo conto di queste informazioni, <strong>abbiamo svolto un\u2019indagine <\/strong>per comprendere ci\u00f2 di cui la comunit\u00e0 avesse veramente bisogno, realizzando un questionario indirizzato ai ragazzi fino ai 25 anni, studenti di scuola, universitari e giovani lavoratori, strutturato con domande che ci aiutassero a comprendere le loro esigenze e le loro aspettative.<\/p>\n<p style=\"text-align: justify;\">Abbiamo raccolto un campione di <strong>100 risposte valide<\/strong>, rappresentative del nostro target di riferimento. Dal questionario, \u00e8 emerso che il <strong>92% <\/strong>degli studenti di Amantea \u00e8 costretta a studiare a casa, evidenziando problemi come la distrazione, la mancanza di una connessione veloce e una scrivania personale. Il <strong>91% <\/strong>di loro ha risposto che frequenterebbe una sala studio o biblioteca per studiare. Attraverso delle proposte strutturate su scale di valori, abbiamo riscontrato l\u2019esigenza da parte di molti studenti di spazi silenziosi, in posizione centrale ad Amantea, con connessione internet e dove poter socializzare con altri ragazzi della loro et\u00e0.<\/p>\n<p style=\"text-align: justify;\">Il <strong>70% <\/strong>di loro ha espresso gradimento nei confronti di una biblioteca dove poter anche prendere in prestito libri e fumetti.<\/p>\n<p style=\"text-align: justify;\">Il <strong>92% <\/strong>dei ragazzi ha anche espresso il desiderio di avere una sala cinematografica, mentre la totalit\u00e0 di coloro che praticano discipline artistiche come musica, danza e teatro (circa il 25% del totale) si \u00e8 dichiarato disponibile a utilizzare uno spazio dedicato alle prove. Il <strong>59% <\/strong>di loro ha anche espresso il desiderio di frequentare corsi e laboratori di discipline artistiche.<\/p>\n<p style=\"text-align: justify;\">Da queste informazioni <strong>abbiamo iniziato a immaginare lo spazio<\/strong>, come potesse essere suddiviso, cosa dovesse contenere e le sue modalit\u00e0 di fruizione. L\u2019idea iniziale era quella di costruire un nuovo piano all\u2019interno dell\u2019edificio che ospita i nostri uffici, cos\u00ec da comporre man mano la nostra casa della cultura ad Amantea.<\/p>\n<p style=\"text-align: justify;\">Il progetto si \u00e8 dovuto sin da subito scontrare con ostacoli e ritardi burocratici che avrebbero rallentato notevolmente la nascita dello spazio.<\/p>\n<p style=\"text-align: justify;\">Per questo motivo, in seguito alla messa in vendita di un locale presente nell\u2019edificio adiacente ai nostri uffici, si \u00e8 arrivati alla conclusione che la soluzione migliore fosse acquistare uno spazio gi\u00e0 esistente e trasformarlo nella Piccola Biblioteca di Amantea.<\/p>\n<p style=\"text-align: justify;\">L\u2019acquisto si \u00e8 finalizzato il <strong>5 luglio 2024<\/strong>. Con l\u2019obiettivo di rendere fruibile lo spazio gi\u00e0 nei giorni del festival, da l\u00ec sono subito iniziati i lavori per la progettazione e la ristrutturazione del locale. Nonostante il poco tempo a disposizione e nonostante le normali problematiche che un lavoro del genere presuppone, grazie al lavoro di una squadra di professionisti e all\u2019aiuto di tutto il team guarimbero, <strong>il 6 agosto<\/strong>, il giorno prima dell\u2019inizio de <strong>La Guarimba International Film Festival<\/strong>, <strong>abbiamo inaugurato la Piccola Biblioteca di Amantea<\/strong>, la prima biblioteca con aula studio, sala proiezioni e conferenze e studio di registrazione musicale.<\/p>\n<p style=\"text-align: justify;\">All\u2019evento hanno partecipato pi\u00f9 di cinquanta persone e, oltre alla comunit\u00e0 locale, erano presenti i sindaci dei comuni di <strong>Cleto<\/strong>, <strong>Lago<\/strong>, <strong>San Pietro in Amantea<\/strong>, <strong>Belmonte<\/strong>, <strong>Longobardi<\/strong>, <strong>Fiumefreddo <\/strong>e <strong>Aiello Calabro<\/strong>. Abbiamo mostrato loro lo spazio e iniziato a pianificare insieme orari e modalit\u00e0 di fruizione, in modo che l\u2019aula si adatti alle esigenze delle persone, e non viceversa.<\/p>\n[\/vc_column_text][vc_single_image image=&#8221;57104&#8243; img_size=&#8221;full&#8221; alignment=&#8221;center&#8221; css=&#8221;&#8221;][vc_column_text css=&#8221;&#8221;]\n<p style=\"text-align: justify;\">Gi\u00e0 dal mattino seguente, studenti e lavoratori di Amantea si sono recati alla biblioteca per preparare i propri esami e lavorare in autonomia. Dal pomeriggio, la sala proiezioni \u00e8 invece diventata la casa de La Grotta Dei Piccoli, ospitandone i laboratori e il festival dedicato ai pi\u00f9 piccoli.<\/p>\n<p style=\"text-align: justify;\">Con la Piccola Biblioteca di Amantea ci proponiamo di offrire alla nostra comunit\u00e0 <strong>una possibilit\u00e0 di riscatto, contro l\u2019inerzia e l\u2019abbandono<\/strong>, per costruire un modello di cittadinanza attiva che vive nella sua quotidianit\u00e0 incontri sociali, eventi culturali stimolanti e possibilit\u00e0 di esprimere la propria identit\u00e0.<\/p>\n<p style=\"text-align: justify;\">Nel mese di agosto, nuovi utenti hanno cos\u00ec utilizzato la Piccola Biblioteca di Amantea per studiare e lavorare in autonomia, in uno spazio che garantisce i comfort necessari alla produttivit\u00e0. Inoltre, sono aumentate le donazioni di libri da parte della comunit\u00e0, che passo dopo passo sta comprendendo e apprezzando a pieno il significato e l\u2019importanza di uno spazio culturale aperto e libero per la collettivit\u00e0.<\/p>\n[\/vc_column_text][\/vc_column][\/vc_row]\n<\/div>","protected":false},"excerpt":{"rendered":"<p>[vc_row][vc_column][vc_column_text css=&#8221;&#8221;] La Piccola Biblioteca di Amantea \u00e8 uno spazio polifunzionale aperto nel 2024 dall&#8217;Associazione La Guarimba con il supporto della Fondazione Carical. Situato nel cuore del centro abitato di Amantea, \u00e8 da subito diventato un luogo di aggregazione e crescita collettiva, con alternative alla migrazione verso grandi centri, rafforzando la solidarieta\u0300 e aumentando il [&hellip;]<\/p>\n","protected":false},"author":1,"featured_media":57152,"parent":0,"menu_order":0,"comment_status":"closed","ping_status":"closed","template":"page-full-width.php","meta":{"jetpack_post_was_ever_published":false,"footnotes":""},"class_list":["post-57160","page","type-page","status-publish","has-post-thumbnail","hentry"],"jetpack_shortlink":"https:\/\/wp.me\/P4S7Ao-eRW","jetpack_sharing_enabled":true,"_links":{"self":[{"href":"https:\/\/www.laguarimba.com\/it\/wp-json\/wp\/v2\/pages\/57160","targetHints":{"allow":["GET"]}}],"collection":[{"href":"https:\/\/www.laguarimba.com\/it\/wp-json\/wp\/v2\/pages"}],"about":[{"href":"https:\/\/www.laguarimba.com\/it\/wp-json\/wp\/v2\/types\/page"}],"author":[{"embeddable":true,"href":"https:\/\/www.laguarimba.com\/it\/wp-json\/wp\/v2\/users\/1"}],"replies":[{"embeddable":true,"href":"https:\/\/www.laguarimba.com\/it\/wp-json\/wp\/v2\/comments?post=57160"}],"version-history":[{"count":4,"href":"https:\/\/www.laguarimba.com\/it\/wp-json\/wp\/v2\/pages\/57160\/revisions"}],"predecessor-version":[{"id":57231,"href":"https:\/\/www.laguarimba.com\/it\/wp-json\/wp\/v2\/pages\/57160\/revisions\/57231"}],"wp:featuredmedia":[{"embeddable":true,"href":"https:\/\/www.laguarimba.com\/it\/wp-json\/wp\/v2\/media\/57152"}],"wp:attachment":[{"href":"https:\/\/www.laguarimba.com\/it\/wp-json\/wp\/v2\/media?parent=57160"}],"curies":[{"name":"wp","href":"https:\/\/api.w.org\/{rel}","templated":true}]}}

<div class="wpb-content-wrapper">[vc_row][vc_column][vc_column_text css=&#8221;&#8221;]
<p style="text-align: justify;"><span style="font-size: 18pt;"><strong>La Piccola Biblioteca di Amantea</strong> è uno spazio polifunzionale aperto nel 2024 dall&#8217;Associazione La Guarimba con il supporto della <strong>Fondazione Carical</strong>. Situato nel cuore del centro abitato di Amantea, è da subito diventato un luogo di aggregazione e crescita collettiva, con alternative alla migrazione verso grandi centri, rafforzando la solidarietà e aumentando il capitale sociale.</span></p>
<p style="text-align: justify;"><span style="font-size: 18pt;">L&#8217;ingresso è completamente libero.</span></p>
[/vc_column_text][/vc_column][/vc_row][vc_row][vc_column][vc_media_grid element_width=&#8221;3&#8243; css=&#8221;&#8221; grid_id=&#8221;vc_gid:1741769800861-c09de67e-8574-10&#8243; include=&#8221;57140,57136,57144,57148&#8243;][/vc_column][/vc_row][vc_row][vc_column width=&#8221;1/4&#8243;][vc_column_text css=&#8221;&#8221;]
<p style="text-align: center;"><strong><span style="text-decoration: underline;"><span style="font-size: 18pt;">INDIRIZZO<br />
</span></span></strong><a href="https://g.co/kgs/qptq88j"><span style="font-size: 18.6667px;">Via Mazzini, 26</span></a></p>
[/vc_column_text][/vc_column][vc_column width=&#8221;1/4&#8243;][vc_column_text css=&#8221;&#8221;]
<p style="text-align: center;"><strong><span style="text-decoration: underline;"><span style="font-size: 18pt;">ORARI<br />
</span></span></strong><span style="font-size: 14pt;">È aperta tutti i giorni<br />
24 ore su 24 attraverso un sistema di fiducia</span></p>
[/vc_column_text][/vc_column][vc_column width=&#8221;1/4&#8243;][vc_column_text css=&#8221;&#8221;]
<p style="text-align: center;"><span style="font-size: 14pt;"><strong><span style="text-decoration: underline; font-size: 18pt;">SERVIZI</span></strong><br />
Aula Studio<br />
Internet<br />
</span><span style="font-size: 14pt;">Prestito Libri<br />
Laboratori Creativi per Bambini<br />
<a href="https://www.laguarimba.com/it/club-di-letture/">Club di Letture Femministe</a><br />
</span><span style="font-size: 18pt;"><span style="font-size: 14pt;">Studio di Registrazione</span></span></p>
[/vc_column_text][/vc_column][vc_column width=&#8221;1/4&#8243;][vc_column_text css=&#8221;&#8221;]
<p style="text-align: center;"><span style="font-size: 18pt;"><span style="text-decoration: underline;"><strong>DONA UN LIBRO</strong></span><br />
<span style="font-size: 14pt;"><a href="https://docs.google.com/spreadsheets/d/1M19VZIXJci4uSAif3NuHADuFunGFNNwZdva660ezLMM/edit?gid=0#gid=0">dalla lista che abbiamo creato.</a></span></span></p>
[/vc_column_text][/vc_column][/vc_row][vc_row][vc_column][vc_column_text css=&#8221;&#8221;]
<h1 style="text-align: justify;">LA STORIA</h1>
[/vc_column_text][vc_single_image image=&#8221;57114&#8243; img_size=&#8221;full&#8221; alignment=&#8221;center&#8221; css=&#8221;&#8221;][vc_column_text css=&#8221;&#8221;]
<p style="text-align: justify;"><span style="font-size: 14pt;">Il progetto, supportato da <a href="https://www.fondazionecarical.it/"><strong>Fondazione Carical</strong></a>, nasce nel 2021, in seguito a una analisi delle esigenze e delle mancanze che riguardano principalmente gli studenti e i lavoratori del territorio.</span></p>
<p style="text-align: justify;"><span style="font-size: 14pt;">Da più di dieci anni lavoriamo a stretto contatto con la società civile di Amantea e la nostra esperienza ci ha permesso di analizzare lo stato dell’offerta culturale e dell’aggregazione sociale della comunità. La nostra impressione di giovani che vivono e lavorano nel territorio è sempre stata quella di <strong>un contesto di grandi potenzialità, ma fortemente limitato </strong>dall’assenza di investimenti e dall’incapacità gestionale in diversi ambiti.</span></p>
[/vc_column_text][vc_single_image image=&#8221;57112&#8243; img_size=&#8221;full&#8221; alignment=&#8221;center&#8221; css=&#8221;&#8221;][vc_column_text css=&#8221;&#8221;]
<p style="text-align: justify;">Le fasce più deboli della comunità (giovani, migranti e anziani) soffrono dell’abbandono e dell’assenza di iniziative a loro dedicate, di cui si può fare esperienza soltanto in via telematica e a costi inaccessibili per una buona parte delle famiglie. Inoltre, l’assenza di spazi a loro dedicati, come parchi pubblici agibili o aree ludiche, ne rende difficile l’aggregazione al di là delle iniziative personali.</p>
<p style="text-align: justify;"><strong>La situazione è ancora più difficile nell’entroterra</strong>, dove sorgono diversi comuni che vivono in situazioni di isolamento e di abbandono ancora più marcate. Gli abitanti dei comuni di Aiello, Cleto, Belmonte, Longobardi, Fiumefreddo Bruzio e di tutta l’area circostante, per un totale di circa 10.000 persone, fanno riferimento ad Amantea come centro commerciale dove recarsi durante il fine settimana e il periodo estivo.</p>
<p style="text-align: justify;">Tenendo conto di queste informazioni, <strong>abbiamo svolto un’indagine </strong>per comprendere ciò di cui la comunità avesse veramente bisogno, realizzando un questionario indirizzato ai ragazzi fino ai 25 anni, studenti di scuola, universitari e giovani lavoratori, strutturato con domande che ci aiutassero a comprendere le loro esigenze e le loro aspettative.</p>
<p style="text-align: justify;">Abbiamo raccolto un campione di <strong>100 risposte valide</strong>, rappresentative del nostro target di riferimento. Dal questionario, è emerso che il <strong>92% </strong>degli studenti di Amantea è costretta a studiare a casa, evidenziando problemi come la distrazione, la mancanza di una connessione veloce e una scrivania personale. Il <strong>91% </strong>di loro ha risposto che frequenterebbe una sala studio o biblioteca per studiare. Attraverso delle proposte strutturate su scale di valori, abbiamo riscontrato l’esigenza da parte di molti studenti di spazi silenziosi, in posizione centrale ad Amantea, con connessione internet e dove poter socializzare con altri ragazzi della loro età.</p>
<p style="text-align: justify;">Il <strong>70% </strong>di loro ha espresso gradimento nei confronti di una biblioteca dove poter anche prendere in prestito libri e fumetti.</p>
<p style="text-align: justify;">Il <strong>92% </strong>dei ragazzi ha anche espresso il desiderio di avere una sala cinematografica, mentre la totalità di coloro che praticano discipline artistiche come musica, danza e teatro (circa il 25% del totale) si è dichiarato disponibile a utilizzare uno spazio dedicato alle prove. Il <strong>59% </strong>di loro ha anche espresso il desiderio di frequentare corsi e laboratori di discipline artistiche.</p>
<p style="text-align: justify;">Da queste informazioni <strong>abbiamo iniziato a immaginare lo spazio</strong>, come potesse essere suddiviso, cosa dovesse contenere e le sue modalità di fruizione. L’idea iniziale era quella di costruire un nuovo piano all’interno dell’edificio che ospita i nostri uffici, così da comporre man mano la nostra casa della cultura ad Amantea.</p>
<p style="text-align: justify;">Il progetto si è dovuto sin da subito scontrare con ostacoli e ritardi burocratici che avrebbero rallentato notevolmente la nascita dello spazio.</p>
<p style="text-align: justify;">Per questo motivo, in seguito alla messa in vendita di un locale presente nell’edificio adiacente ai nostri uffici, si è arrivati alla conclusione che la soluzione migliore fosse acquistare uno spazio già esistente e trasformarlo nella Piccola Biblioteca di Amantea.</p>
<p style="text-align: justify;">L’acquisto si è finalizzato il <strong>5 luglio 2024</strong>. Con l’obiettivo di rendere fruibile lo spazio già nei giorni del festival, da lì sono subito iniziati i lavori per la progettazione e la ristrutturazione del locale. Nonostante il poco tempo a disposizione e nonostante le normali problematiche che un lavoro del genere presuppone, grazie al lavoro di una squadra di professionisti e all’aiuto di tutto il team guarimbero, <strong>il 6 agosto</strong>, il giorno prima dell’inizio de <strong>La Guarimba International Film Festival</strong>, <strong>abbiamo inaugurato la Piccola Biblioteca di Amantea</strong>, la prima biblioteca con aula studio, sala proiezioni e conferenze e studio di registrazione musicale.</p>
<p style="text-align: justify;">All’evento hanno partecipato più di cinquanta persone e, oltre alla comunità locale, erano presenti i sindaci dei comuni di <strong>Cleto</strong>, <strong>Lago</strong>, <strong>San Pietro in Amantea</strong>, <strong>Belmonte</strong>, <strong>Longobardi</strong>, <strong>Fiumefreddo </strong>e <strong>Aiello Calabro</strong>. Abbiamo mostrato loro lo spazio e iniziato a pianificare insieme orari e modalità di fruizione, in modo che l’aula si adatti alle esigenze delle persone, e non viceversa.</p>
[/vc_column_text][vc_single_image image=&#8221;57104&#8243; img_size=&#8221;full&#8221; alignment=&#8221;center&#8221; css=&#8221;&#8221;][vc_column_text css=&#8221;&#8221;]
<p style="text-align: justify;">Già dal mattino seguente, studenti e lavoratori di Amantea si sono recati alla biblioteca per preparare i propri esami e lavorare in autonomia. Dal pomeriggio, la sala proiezioni è invece diventata la casa de La Grotta Dei Piccoli, ospitandone i laboratori e il festival dedicato ai più piccoli.</p>
<p style="text-align: justify;">Con la Piccola Biblioteca di Amantea ci proponiamo di offrire alla nostra comunità <strong>una possibilità di riscatto, contro l’inerzia e l’abbandono</strong>, per costruire un modello di cittadinanza attiva che vive nella sua quotidianità incontri sociali, eventi culturali stimolanti e possibilità di esprimere la propria identità.</p>
<p style="text-align: justify;">Nel mese di agosto, nuovi utenti hanno così utilizzato la Piccola Biblioteca di Amantea per studiare e lavorare in autonomia, in uno spazio che garantisce i comfort necessari alla produttività. Inoltre, sono aumentate le donazioni di libri da parte della comunità, che passo dopo passo sta comprendendo e apprezzando a pieno il significato e l’importanza di uno spazio culturale aperto e libero per la collettività.</p>
[/vc_column_text][/vc_column][/vc_row]
</div>

<p>[vc_row][vc_column][vc_column_text css=&#8221;&#8221;] La Piccola Biblioteca di Amantea è uno spazio polifunzionale aperto nel 2024 dall&#8217;Associazione La Guarimba con il supporto della Fondazione Carical. Situato nel cuore del centro abitato di Amantea, è da subito diventato un luogo di aggregazione e crescita collettiva, con alternative alla migrazione verso grandi centri, rafforzando la solidarietà e aumentando il [&hellip;]</p>
